{"id":2139,"date":"2020-01-21T13:58:57","date_gmt":"2020-01-21T13:58:57","guid":{"rendered":"http:\/\/fabianamargulis.com.ar\/portfolio-items\/atardecer-en-el-mar\/"},"modified":"2020-01-21T13:58:57","modified_gmt":"2020-01-21T13:58:57","slug":"atardecer-en-el-mar","status":"publish","type":"avada_portfolio","link":"https:\/\/fabianamargulis.com.ar\/en\/portfolio-items\/atardecer-en-el-mar\/","title":{"rendered":"Atardecer en el mar"},"content":{"rendered":"<h3>Atardecer en el mar<\/h3>\n<p>Autor: Fabiana Paula Margulis<br \/>\nT\u00e9cnica mixta: acr\u00edlico, pintura de tela, pasteles y tinta china sobre cart\u00f3n.<br \/>\nMedidas:50 cm x 70 cm.<br \/>\nA\u00f1o: 1993<\/p>\n","protected":false},"excerpt":{"rendered":"<p>Atardecer en el mar Autor: Fabiana Paula Margulis T\u00e9cnica mixta: acr\u00edlico, pintura de tela, pasteles y tinta china sobre cart\u00f3n. Medidas:50 cm x 70 cm. A\u00f1o: 1993<\/p>\n","protected":false},"author":2,"featured_media":2009,"menu_order":0,"template":"","format":"standard","meta":{"footnotes":""},"portfolio_category":[35,36],"portfolio_skills":[],"portfolio_tags":[],"_links":{"self":[{"href":"https:\/\/fabianamargulis.com.ar\/en\/wp-json\/wp\/v2\/avada_portfolio\/2139"}],"collection":[{"href":"https:\/\/fabianamargulis.com.ar\/en\/wp-json\/wp\/v2\/avada_portfolio"}],"about":[{"href":"https:\/\/fabianamargulis.com.ar\/en\/wp-json\/wp\/v2\/types\/avada_portfolio"}],"author":[{"embeddable":true,"href":"https:\/\/fabianamargulis.com.ar\/en\/wp-json\/wp\/v2\/users\/2"}],"version-history":[{"count":0,"href":"https:\/\/fabianamargulis.com.ar\/en\/wp-json\/wp\/v2\/avada_portfolio\/2139\/revisions"}],"wp:featuredmedia":[{"embeddable":true,"href":"https:\/\/fabianamargulis.com.ar\/en\/wp-json\/wp\/v2\/media\/2009"}],"wp:attachment":[{"href":"https:\/\/fabianamargulis.com.ar\/en\/wp-json\/wp\/v2\/media?parent=2139"}],"wp:term":[{"taxonomy":"portfolio_category","embeddable":true,"href":"https:\/\/fabianamargulis.com.ar\/en\/wp-json\/wp\/v2\/portfolio_category?post=2139"},{"taxonomy":"portfolio_skills","embeddable":true,"href":"https:\/\/fabianamargulis.com.ar\/en\/wp-json\/wp\/v2\/portfolio_skills?post=2139"},{"taxonomy":"portfolio_tags","embeddable":true,"href":"https:\/\/fabianamargulis.com.ar\/en\/wp-json\/wp\/v2\/portfolio_tags?post=2139"}],"curies":[{"name":"wp","href":"https:\/\/api.w.org\/{rel}","templated":true}]}}

<h3>Atardecer en el mar</h3>
<p>Autor: Fabiana Paula Margulis<br />
Técnica mixta: acrílico, pintura de tela, pasteles y tinta china sobre cartón.<br />
Medidas:50 cm x 70 cm.<br />
Año: 1993</p>

<p>Atardecer en el mar Autor: Fabiana Paula Margulis Técnica mixta: acrílico, pintura de tela, pasteles y tinta china sobre cartón. Medidas:50 cm x 70 cm. Año: 1993</p>
